is divided by 14972.
0
What is the remainder when 1578 is divided by 335?
238
What is the remainder when 19845 is divided by 797?
717
What is the remainder when 105516 is divided by 1161?
1026
What is the remainder when 7578 is divided by 232?
154
What is the remainder when 1951 is divided by 1928?
23
What is the remainder when 236554 is divided by 55?
54
What is the remainder when 1709 is divided by 11?
4
Calculate the remainder when 258750 is divided by 25875.
0
Calculate the remainder when 19462 is divided by 42.
16
What is the remainder when 30333 is divided by 29?
28
What is the remainder when 1566 is divided by 1519?
47
What is the remainder when 1405 is divided by 173?
21
What is the remainder when 587 is divided by 142?
19
Calculate the remainder when 111215 is divided by 336.
335
What is the remainder when 325 is divided by 229?
96
What is the remainder when 1105 is divided by 570?
535
What is the remainder when 1646 is divided by 326?
16
What is the remainder when 9857 is divided by 23?
13
Calculate the remainder when 2997 is divided by 746.
13
Calculate the remainder when 2319445 is divided by 579857.
17
What is the remainder when 63743 is divided by 97?
14
What is the remainder when 67029 is divided by 21?
18
What is the remainder when 80870 is divided by 742?
734
What is the remainder when 3838 is divided by 765?
13
What is the remainder when 1233213 is divided by 874?
873
Calculate the remainder when 2626 is divided by 36.
34
Calculate the remainder when 1180476 is divided by 808.
796
Calculate the remainder when 53520 is divided by 13379.
4
Calculate the remainder when 2010004 is divided by 616.
612
Calculate the remainder when 103686 is divided by 25920.
6
What is the remainder when 31822 is divided by 245?
217
Calculate the remainder when 4358 is divided by 704.
134
What is the remainder when 11944 is divided by 15?
4
Calculate the remainder when 5230 is divided by 1739.
13
What is the remainder when 445 is divided by 90?
85
Calculate the remainder when 5199 is divided by 136.
31
What is the remainder when 2965 is divided by 988?
1
What is the remainder when 68217 is divided by 822?
813
What is the remainder when 14328 is divided by 7136?
56
Calculate the remainder when 25106 is divided by 34.
14
What is the remainder when 789117 is divided by 360?
357
Calculate the remainder when 17107 is divided by 155.
57
What is the remainder when 12412 is divided by 2448?
172
Calculate the remainder when 1879 is divided by 477.
448
Calculate the remainder when 40092 is divided by 13362.
6
Calculate the remainder when 80498 is divided by 99.
11
What is the remainder when 45762 is divided by 982?
590
What is the remainder when 162497 is divided by 12?
5
What is the remainder when 55409 is divided by 637?
627
Calculate the remainder when 259347 is divided by 19.
16
What is the remainder when 1387 is divided by 136?
27
What is the remainder when 803 is divided by 26?
23
What is the remainder when 3518 is divided by 649?
273
What is the remainder when 126288 is divided by 205?
8
What is the remainder when 155848 is divided by 324?
4
Calculate the remainder when 194195 is divided by 641.
613
Calculate the remainder when 878 is divided by 13.
7
Calculate the remainder when 8900 is divided by 48.
20
Calculate the remainder when 3178 is divided by 1055.
13
Calculate the remainder when 405780 is divided by 21.
18
What is the remainder when 10151 is divided by 71?
69
Calculate the remainder when 598737 is divided by 598727.
10
Calculate the remainder when 2048 is divided by 983.
82
What is the remainder when 5042 is divided by 27?
20
Calculate the remainder when 301586 is divided by 50.
36
What is the remainder when 1954 is divided by 1008?
946
What is the remainder when 17431 is divided by 46?
43
Calculate the remainder when 3029 is divided by 54.
5
Calculate the remainder when 34493 is divided by 176.
173
What is the remainder when 1975090 is divided by 719?
716
What is the remainder when 3020 is divided by 1503?
14
Calculate the remainder when 30743 is divided by 168.
167
Calculate the remainder when 112692 is divided by 197.
8
What is the remainder when 3625 is divided by 143?
50
What is the remainder when 842991 is divided by 67?
64
What is the remainder when 93925 is divided by 31306?
7
Calculate the remainder when 994811 is divided by 182.
181
Calculate the remainder when 1209 is divided by 108.
21
What is the remainder when 9021 is divided by 19?
15
Calculate the remainder when 9678 is divided by 38.
26
Calculate the remainder when 12640 is divided by 192.
160
Calculate the remainder when 858 is divided by 126.
102
Calculate the remainder when 263166 is divided by 387.
6
What is the remainder when 10364 is divided by 438?
290
What is the remainder when 11483 is divided by 8?
3
What is the remainder when 27192 is divided by 91?
74
What is the remainder when 1565 is divided by 336?
221
Calculate the remainder when 8451 is divided by 8266.
185
Calculate the remainder when 429 is divided by 244.
185
What is the remainder when 13560 is divided by 4440?
240
Calculate the remainder when 475 is divided by 260.
215
What is the remainder when 15077 is divided by 1161?
1145
Calculate the remainder when 55821 is divided by 27.
12
Calculate the remainder when 1993 is divided by 65.
43
What is the remainder when 27448 is divided by 1587?
469
Calculate the remainder when 396424 is divided by 12388.
8
Calculate the remainder when 375 is divided by 1.
0
What is the remainder when 1140 is divided by 485?
170
Calculate the remainder when 284242 is divided by 67.
28
What is the remainder when 142095 is divided by 71047?
1
Calculate the remainder when 69746 is divided by 201.
200
Calculate the remainder when 137896 is divided by 146.
72
What is the remainder when 2329933 is divided by 71?
68
Calculate the remainder when 12880 is divided by 21.
7
What is the remainder when 26299 is divided by 377?
286
What is the remainder when 362322 is divided by 29?
25
Calculate the remainder when 6415 is divided by 46.
21
Calculate the remainder when 1470946 is divided by 2004.
10
Calculate the remainder when 203837 is divided by 392.
389
Calculate the remainder when 24626 is divided by 3020.
466
Calculate the remainder when 159229 is divided by 323.
313
What is the remainder when 286112 is divided by 29?
27
Calculate the remainder when 478433 is divided by 356.
325
What is the remainder when 770644 is divided by 2?
0
Calculate the remainder when 8368 is divided by 11.
8
What is the remainder when 42466 is divided by 8479?
71
Calculate the remainder when 1980 is divided by 429.
264
Calculate the remainder when 9119 is divided by 19.
18
What is the remainder when 38898 is divided by 9722?
10
What is the remainder when 10128 is divided by 47?
23
Calculate the remainder when 2416 is divided by 1190.
36
What is the remainder when 214414 is divided by 1489?
1487
What is the remainder when 19317 is divided by 537?
522
What is the remainder when 81494 is divided by 239?
234
Calculate the remainder when 105276 is divided by 30.
6
Calculate the remainder when 20045 is divided by 39.
38
What is the remainder when 131129 is divided by 440?
9
Calculate the remainder when 21960 is divided by 7.
1
Calculate the remainder when 134855 is divided by 11.
6
What is the remainder when 4015 is divided by 92?
59
Calculate the remainder when 26043 is divided by 118.
83
What is the remainder when 4077 is divided by 95?
87
What is the remainder when 29001 is divided by 852?
33
What is the remainder when 1967 is divided by 562?
281
Calculate the remainder when 1458 is divided by 35.
23
What is the remainder when 604050 is divided by 3823?
16
What is the remainder when 6557 is divided by 177?
8
Calculate the remainder when 8220 is divided by 59.
19
What is the remainder when 27879 is divided by 35?
19
What is the remainder when 882884 is divided by 71?
70
What is the remainder when 88331 is divided by 2324?
19
Calculate the remainder when 42148 is divided by 113.
112
What is the remainder when 200804 is divided by 142?
16
What is the remainder when 12889 is divided by 534?
73
What is the remainder when 6627 is divided by 155?
117
Calculate the remainder when 14130 is divided by 19.
13
What is the 